11101110110010
In base 15, what is -c75b01 - 17?
-c75b18
In base 16, what is 264 - -a50d?
a771
In base 9, what is -10 - 1627225?
-1627235
In base 9, what is -70 - -1857715?
1857635
In base 12, what is 45123b7 + 2?
45123b9
In base 6, what is 35303000 - 103?
35302453
In base 15, what is -1e0cd - -10?
-1e0bd
In base 11, what is -6 + 5861235?
586122a
In base 10, what is -6289839 - 1?
-6289840
In base 8, what is 17455655 + -7?
17455646
In base 11, what is 208a37a8 - 3?
208a37a5
In base 3, what is -2 - 112012022212111?
-112012022212120
In base 12, what is -25154aa + 65?
-2515445
In base 2, what is -1110100111100110111100 - 101?
-1110100111100111000001
In base 13, what is -1bb + -1bb0?
-209b
In base 14, what is -2 + 7600b3?
7600b1
In base 16, what is 274934 + -5?
27492f
In base 8, what is -60134 - 1751?
-62105
In base 10, what is -203360 + -53?
-203413
In base 10, what is 57 + -5014050?
-5013993
In base 5, what is -313212334424 + 1?
-313212334423
In base 13, what is -2 + -34a910c?
-34a9111
In base 2, what is 11101111011 + 100100101011011010?
100101001001010101
In base 12, what is 1933542 - -5?
1933547
In base 13, what is -3 + 7395a3?
7395a0
In base 14, what is da519 - -a?
da525
In base 12, what is -79874a5 - 6?
-79874ab
In base 11, what is -374a96 + -122?
-375108
In base 6, what is 334244 + 510?
335154
In base 10, what is -109037 + -310?
-109347
In base 8, what is -23076262 + -1?
-23076263
In base 8, what is -47 - -10564?
10515
In base 8, what is 177 + -1067407?
-1067210
In base 6, what is 4 - 125341501?
-125341453
In base 7, what is 200122 - -15532?
215654
In base 8, what is -2273531 - -133?
-2273376
In base 6, what is -3 + 2354214004?
2354214001
In base 11, what is -17 - 1755?
-1771
In base 15, what is -41b92 - -10?
-41b82
In base 12, what is 1bab8 - -2b0?
201a8
In base 8, what is 5 + 34567150?
34567155
In base 7, what is -2221 - -164625?
162404
In base 10, what is -7277 + -6097?
-13374
In base 14, what is -19609d - a0?
-19615d
In base 16, what is -3d + -285835?
-285872
In base 12, what is b1923ba - 2?
b1923b8
In base 8, what is 234 + 253532?
253766
In base 4, what is -111111 + -32122220?
-32233331
In base 13, what is -2 + 2a02373?
2a02371
In base 11, what is 178 - 118426?
-118259
In base 9, what is 133266 + 6773?
141150
In base 3, what is 111102111212210 - 22?
111102111212111
In base 11, what is 8676 - -387?
8a52
In base 7, what is -10025430 - 233?
-10025663
In base 9, what is 757 + -280434?
-278566
In base 9, what is 26 + 5608733?
5608760
In base 10, what is -5 + 5322915?
5322910
In base 4, what is -2032 - -3133032?
3131000
In base 14, what is -9c0 + -1272?
-1c52
In base 15, what is -248 - -25aa38?
25a7e0
In base 5, what is 32111 - -101441?
134102
In base 8, what is -371701460 - 15?
-371701475
In base 16, what is -7f71 - 1948?
-98b9
In base 15, what is 656c5 + -25?
656a0
In base 4, what is 32033 + -1130303?
-1032210
In base 16, what is 96 + -3a91d?
-3a887
In base 14, what is 65 - -242997?
242a1c
In base 15, what is 3ac0102 + -7?
3ac00ea
In base 5, what is -10 + -23102204344?
-23102204404
In base 15, what is 27 - -145a7?
145ce
In base 2, what is 110 + 1100110100001000011011?
1100110100001000100001
In base 10, what is 17713 + -34669?
-16956
In base 9, what is -3002 - -5142?
2140
In base 14, what is 52a2 + a65?
5d27
In base 6, what is -414404 + -321?
-415125
In base 8, what is -1533 + -4627715?
-4631450
In base 14, what is -182c7390 + -5?
-182c7395
In base 11, what is 24a0592 - 0?
24a0592
In base 3, what is 2 - 20212201112121220?
-20212201112121211
In base 7, what is -15215 + -132?
-15350
In base 12, what is -410b84 + -17?
-410b9b
In base 15, what is 1 + eb5647?
eb5648
In base 11, what is a - -217813a8?
21781407
In base 10, what is 886112 + 22?
886134
In base 6, what is 3 - 251521545?
-251521542
In base 15, what is 32a243 - 13?
32a230
In base 8, what is 45463 - 205?
45256
In base 2, what is 10111110000001100 + -110110111?
10111101001010101
In base 6, what is 12510322313 - 3?
12510322310
In base 14, what is 5b6980 + 15?
5b6995
In base 10, what is 80 - -4481431?
4481511
In base 13, what is 117587c - 3?
1175879
In base 3, what is 111020 - -122112220112?
122120101202
In base 2, what is -1100011100011 + -10101000001?
-1111000100100
In base 3, what is -221012212011212 + 10?
-221012212011202
In base 3, what is 10201201121 + 200?
10201202021
In base 15, what is -13 - -5caa1?
5ca8d
In base 12, what is 377b - 1?
377a
In base 4, what is -23031232 - -202033?
-22223133
In base 6, what is -412 - 4030210?
-4031022
In base 7, what is -140 - -41415?
41245
In base 6, what is -14400 - 230331?
-245131
In base 2, what is -100 + -1010101001100101101111111000?
-1010101001100101101111111100
In base 7, what is 2 - -106300336?
106300341
In base 12, what is -3 - a055b8?
-a055bb
In base 4, what is -230330203212 - 11?
-230330203223
In base 12, what is 5b400ab9 + 1?
5b400aba
In base 13, what is -24b5310 - 2?
-24b5312
In base 3, what is -122011210 + -1120020221?
-2012102201
In base 5, what is 10000401 - -12103?
10013004
In base 12, what is -4 - -15b9aa9?
15b9aa5
In base 3, what is -1012000010 + 12222?
-1011210011
In base 6, what is -2210 + 12153?
5543
In base 7, what is 42160 - -22?
42212
In base 7, what is 25 + 41414444?
41414502
In base 9, what is -4 + -56885835?
-56885840
In base 9, what is 645 + -426243?
-425487
In base 16, what is -8449f - -19?
-84486
In base 7, what is -4 + -24206161?
-24206165
In base 3, what is 20200020002 + -122021?
20122120211
In base 10, what is -11205021 - 0?
-11205021
In base 11, what is 1680402 + 71?
1680473
In base 9, what is -1 - -7334787?
7334786
In base 8, what is 635537002 - -12?
635537014
In base 10, what is -7 + 94166?
94159
In base 12, what is -56 - 62844?
-6289a
In base 5, what is -321231130030 - -3?
-321231130022
In base 16, what is -3 + 7479a61?
7479a5e
In base 13, what is -3 - 258966a?
-2589670
In base 11, what is 18841182 + 2?
18841184
In base 7, what is -15243 + 1533?
-13410
In base 14, what is -3 + 9d770?
9d76b
In base 9, what is 11076 + -10066?
1010
In base 15, what is -8a3 + 26b9?
1d16
In base 15, what is -5 - -8683e4?
8683de
In base 7, what is 4 - -24210351?
24210355
In base 13, what is 61 + 36126?
36187
In base 7, what is -5 + 24230356?
24230351
In base 14, what is 17d8550 - -1a?
17d856a
In base 14, what is 16233 + 4b?
16280
In base 14, what is 30245 + -65?
301c0
In base 4, what is -20212011112230 + 3?
-20212011112221
In base 10, what is 15879 + 92?
15971
In base 10, what is 12248883 - -3?
12248886
In base 11, what is -4 + -2058800?
-2058804
In base 10, what is 378153 + 2536?
380689
In base 5, what is -1340030021 - 1?
-1340030022
In base 5, what is 2103000 - 2310?
2100140
In base 13, what is -359 + 98950?
985c4
In base 5, what is -323101111441 - -1?
-323101111440
In base 14, what is c3c102a - 2?
c3c1028
In base 11, what is -40 - 397a8a?
-39801a
In base 14, what is -5 - 6dcc04?
-6dcc09
In base 10, what is -89575 + -60?
-89635
In base 5, what is 1410141 + -3103?
1402033
In base 5, what is -23322423 - -2042?
-23320331
In base 7, what is -431 - -15532214?
15531453
In base 9, what is 133 + -17378724?
-17378581
In base 16, what is -17382a + 5b?
-1737cf
In base 6, what is -1252103335 - -2?
-1252103333
In base 11, what is 35 - 13156600?
-13156576
In base 7, what is -2160103 + 1534?
-2155236
In base 2, what is 1110110110 + -111000110111111?
-110111000001001
In base 16, what is 3 + -25273be?
-25273bb
In base 3, what is 1 + 2111002120221100?
2111002120221101
In base 3, what is -210012222020 - 1122?
-210020000212
In base 13, what is -55c - -65655?
650c6
In base 10, what is 41 + 4282?
4323
In base 6, what is -1403 + 2040231?
2034424
In base 2, what is 101010101011100111001111111 - -1?
101010101011100111010000000
In base 16, what is a7b55 + 371?
a7ec6
In base 5, what is -2302 - -301301?
243444
In base 13, what is -3b693 + -428?
-3babb
In base 7, what is 645515 - -1610?
650425
In base 12, what is 11 + -98b378?
-98b367
In base 4, what is 1013010 - 1320133?
-301123
In base 13, what is 20072 - 4c6?
1c879
In base 8, what is -4311 - -7632?
3321
In base 14, what is -b5b + 930?
-22b
In base 16, what is 51f6 + -1083?
4173
In base 11, what is 71a4712 + -1?
71a4711
In base 7, what is 630 - 560202?
-556242
In base 9, what is 0 + -326433844?
-326433844